ate (-15 - ((-4 - -9) + -31)) + 15.
26
What is the value of (0 - 1) + 1 + -7 - (200 - 202)?
-5
What is -13 + (-17 + 17 - (-40 + 4))?
23
What is the value of (9 - (-3 - -9)) + 7 + -8?
2
What is 0 + 4 + -7 + (18 - 8)?
7
-3 + 0 - (-144 - -155)
-14
What is -16 - (-5 + (0 + 5 - -4) + -7)?
-13
What is the value of 11 - 5 - (47 + -39)?
-2
Calculate 15 + -9 + 7 - (10 + -12).
15
What is -1 - -23 - (-146 - -153)?
15
Calculate -8 + 9 - 14 - -1.
-12
Calculate (6 - 6) + (29 - 26).
3
Calculate 124 + -140 - (-10 - 24).
18
Evaluate (-7 - (-8 - (4 + -9 + 4))) + -9.
-9
What is (-88 - -59 - -34) + (3 - (0 - 0))?
8
What is 14 + -17 - (5 - 10)?
2
What is (25 - 32) + (7 - (8 - -9))?
-17
What is -7 + (1 - -2 - (11 + -12)) + -22?
-25
6 - 1 - (-65 + 77)
-7
Evaluate 17 - 25 - (1 + 2 - (24 + -22)).
-9
Calculate 39 - 17 - 14 - -11.
19
What is the value of -14 + 2 + 5 + -3 - (-40 - -51)?
-21
(-1 - 0) + (109 - 25) + -67
16
What is the value of -9 + 8 + (-3 + 3 + 2 - -3)?
4
Calculate (-12 - -11) + 12 + (15 - -3) + -2.
27
4 + -6 + (10 - (3 + 18))
-13
1 - (1 + 0) - (-173 + 179)
-6
Evaluate 22 - (-23 - (-10 + 0) - -21).
14
Evaluate (13 - (33 + -5)) + 9.
-6
Evaluate -4212 - -4191 - ((8 - 1) + -1).
-27
Calculate 13 + (2 - 26) + 41.
30
(26 - (57 + -20)) + -25
-36
What is the value of (-7 + (6 - 5) - -13) + 12?
19
-1 + 3 - (15 + 7 + -24)
4
1 + -6 + (-7 - (-4 + 0 + -3))
-5
What is -5 + (12 - (7 + 1)) - 14?
-15
-22 + (122 + -48 - 13)
39
Evaluate -8 + 5 + 4 - -13 - 5.
9
-5 - -36 - (33 + -24 - -6)
16
Evaluate (10 - -7) + 8 + 6 + -11.
20
What is 4 + (-1 - -31 - (284 - 275))?
25
Evaluate 11 + ((-1 - -4) + -44 + 38 - -1).
9
Calculate 4 + (-6 - -4 - ((-5 - -8) + 11)).
-12
(-1 - 0) + -37 + (18 - -32)
12
Evaluate 3 + -1 + -15 + -9 + 21.
-1
Calculate -5 - -17 - (91 - 86).
7
What is the value of 0 + 4 + 1 - ((50 - 18) + -47)?
20
Calculate -1 + -6 - -9 - (7 + (-4 - 5)).
4
What is -2 - ((-11 - -6) + (-14 - -4 - -3))?
10
Evaluate 10 + (6 - (10 + 18 - 0)).
-12
What is the value of 3 + (-31 + 20 - 8)?
-16
What is the value of -5 + 16 + 10 + -24?
-3
(0 - 1) + 2 - (177 + -188)
12
Evaluate -54 + 14 + (23 - 7).
-24
What is the value of (-18 + 9 - 6) + 8?
-7
Evaluate -59 + 26 + 57 + 1.
25
Evaluate (-1 + 11 - (-2 - -2)) + -446 + 454.
18
-6 + 3 + 3 - ((10 - 3) + 1)
-8
What is the value of -11 + 0 - (53 + (3 - 55))?
-12
What is the value of -6 - (4 + 1 + -31 - -3)?
17
What is the value of 3 + 1 + -5 + 3 + 2 + 5?
9
What is -13 + 9 + -3 + 7 + -14?
-14
What is the value of -7 + (21 - (2 - -1) - 2)?
9
Calculate (83 + -161 - -36) + 15 + 1.
-26
Calculate -7 + 29 + 13 - (9 - 0).
26
Calculate 5 - (-30 - (12 + -21)).
26
What is the value of -95 + 67 - (-10 - 1)?
-17
What is 30 + (25 - (27 + 14))?
14
Evaluate 17 + -23 + 0 + (0 - 1) + 31.
24
What is the value of 9 - (4 - -21) - -8?
-8
Evaluate (-5 - (-35 + 15) - -16) + -4.
27
0 + 38 - (-19 + -3 - -29)
31
What is the value of 43 + -55 + (-1 - (1 - -1)) - 3?
-18
-5 - -8 - -8 - 14 - (2 + 1)
-6
What is -34 + 50 - (6 - 1)?
11
Calculate 22 - 13 - (1 - 4 - -28).
-16
Calculate 51 + (19 - -12) + -56.
26
What is -8 - 4 - -13 - 19?
-18
(8 - (2 - 1)) + 19 + -31 + 14
9
Calculate -1 - (8 - (-2 + -8 + 8)).
-11
What is the value of -29 + (0 + 5 - (9 - (35 - 33)))?
-31
Evaluate 2 + -7 + 15 + (-2 - -6) - -11.
25
0 + 12 + 315 + -314 - 13
0
Evaluate -1 + -8 + (15 - 10) + 9 - -4.
9
What is the value of 23 - (10 - (4 + 0 + -1))?
16
What is the value of 30 + -26 - -7 - 14?
-3
-11 - (6 + 3) - -34
14
What is the value of -5 + (-62 - -64 - (-15 - -1))?
11
-12 + (-42 - -10) + 31
-13
What is the value of 86 + (27 - 67) + -30?
16
What is -56 - (24 + -62 + 5)?
-23
(4 - 4) + (13 - 8)
5
Calculate (-4 - (-3 + -4)) + (19 - 3) + -4.
15
Evaluate -2 + 1 + 12 + (-214 - -217).
14
What is 4 + (-26 + -9 - -11) - -5?
-15
What is the value of 309 + -280 + 9 + (7 - 4) + -6?
35
Evaluate 4 + -5 - -3 - (-11 - -2).
11
What is 1 + (10 - 0 - 36)?
-25
What is the value of -30 - (-28 + 11 + -3)?
-10
Calculate (-41 - -23) + 11 + (-11 - -3).
-15
What is the value of -12 + (-3 - -1 - ((7 - 7) + -7))?
-7
Evaluate -2 + -17 + 15 + 25 + -15.
6
What is -10 + (92 - 92 - (1 - 8))?
-3
Evaluate 4 - 6 - -7 - 2 - -1 - -9.
13
What is the value of 0 + (1 - 4) + (1 - 9) + 7?
-4
6 - 6 - (-4 + -1) - (0 + -3)
8
-4 - (-1 - -2) - -21 - (86 + -90)
20
Calculate (3 - (-1 - -15)) + 2 + 12 + -7.
-4
Evaluate 0 - (3 - (-2 - -19 - (-8 - -2))).
20
Evaluate -160 + 153 - (0 + 2).
-9
What is -13 + -4 - (-17 - -33 - 17)?
-16
What is the value of 0 - (-2 - (-2 + -2) - (-36 - -37))?
-1
What is the value of -3 - ((8 - 4 - -6) + -5)?
-8
Calculate -78 - -4 - (-46 + 2).
-30
What is 24 - (8 - (21 - 8 - 5))?
24
What is 14 + -11 + 6 - (-1 + 1) - 4?
5
Evaluate 4 - (-3 + -3 + (6 - -1) - 4).
7
What is the value of 6 + -17 + (37 - 29)?
-3
Calculate -184 - -192 - (0 - 8).
16
What is the value of (2 - 3) + -4 - (0 + (4 - 2))?
-7
What is the value of (-100 - -105) + -1 + 0?
4
What is the value of (0 - (0 - -2)) + -3 + -529 + 527?
-7
What is -6 - ((1 - -4) + -5) - (-16 + 13)?
-3
-3 + -4 - (-9 + -3 + 9 + -10)
6
What is (21 - (32 - -3)) + 29 + 0?
15
Evaluate -2 + 1 + 18 + (-137 - -129) - 15.
-6
What is (-494 - -486) + (-1 - 2)?
-11
What is the value of 14 + -20 - -14 - (-2 + 9 + -1)?
2
What is the value of (-2 - -19) + 630 + -639?
8
Calculate 3 + 1 - (33 - (-3 + -17 - -24)).
-25
46 + -26 + -28 - (0 + -1)
-7
What is the value of (-5 - 3 - (-57 + 50)) + 4?
3
What is (-978 - -1007) + 0 + -30?
-1
What is the value of (5 - -9) + 4 - 2?
16
What is the value of 14 + (-1 - 13) + -14 + 1?
-13
What is the value of -17 + (-2 - -2) - (5 + (-11 - -7))?
-18
What is the value of -77 + 76 - (1 + 1 - -2 - 1)?
-4
What is the value of 9 + (9 - -4 - 20) - -9?
11
What is the value of (13 - 15) + (-4 - -2) + -6 + 0?
-10
Calculate 13 + -4 - -9 - (14 - 2).
6
Calculate -26 - -33 - (-3 + -5 + 3 + 0).
12
What is the value of (-5 - 1) + 4 + (-11 - -15) + -9?
-7
What is the value of 6 - (-12 - (0 - -1 - (3 + -19)))?
35
Calculate -11 + (15 - 11 - (1 - (-1 - 0))).
-9
Calculate 4 + -12 + 6 + 4.
2
Evaluate (17 + -3 - 0) + -38 + 39.
15
Evaluate 29 + -17 + 16 - 32.
-4
What is (2 + -12 - (-1 + -6)) + 12?
9
Calculate -29 - (1 + (-16 - 3)).
-11
What is the value of -16 + (4 - (4 - (12 - 9)))?
-13
Evaluate (11 - (1 - -10)) + (4 - 4).
0
What is the value of 0 + -12 + 0 + (92 + -42 - 46)?
-8
0 - 39 - (-20 + 22 - 14) - -5
-22
What is the value of 4 + -16 + 22 + -4?
6
-5 - 1 - (-1 - (-3 - (1 + -3)))
-6
Evaluate (-2 - (1 - 8)) + 10 - 0.
15
What is -1 - -18 - (69 - 61)?
9
Calculate 4 + (-5 + 11 + 1 - (0 + 13)).
-2
What is the value of -28 + (16 - 31) + 63?
20
What is the value of 6 + 1 + -9 + 1 + 175 + -161?
13
-11 + (14 + -19 - -46 - 1)
29
What is the value of (1 - 6) + 33 + -23 + 3?
8
-9 + 0 - (-4 + (-22 + 7 - -7))
3
11 + -28 - (-28 + -6)
17
What is (-6 - (2 - 0)) + 10 + (17 - 18)?
1
Calculate 7 - (18 + (-14 - (-14 + 10))).
-1
-261 + 216 + -6 + 78
27
Evaluate (2 - (0 + 8 + -3)) + (18 - 23).
-8
Evaluate (-16 + 8 + 10 - 28 - 4) + 8.
-22
Evaluate -18 + 1 + (-4 - -15) - -3.
-3
Evaluate (12 + -15 - (0 - 0 - 4)) + -4.
-3
-5 - (8 + -6 + 3) - 8
-18
(0 - -10) + 2 + (-19 - -11) + 1
5
What is -22 + -6 + 50 - 17?
5
Evaluate 1 + 28 + -16 + -31.
-18
6 - (17 + 9 + -18)
-2
What is -7 - (-1 + 1) - (32 + -28) - -3?
-8
What is the value of (-32 - (-7 - -3)) + 5 + 2 + 1?
-20
Calculate (-27 - (-19 - 14)) + 17.
23
What is the value of (-6 - 0 - -8) + -8 - (3 + -11)?
2
What is -2 - (0 - ((-3 - -3) + -3))?
-5
17 + 0 - (-15 + 0 + 18 + 1)
13
-1 + 0 - (12 - (0 + 7 - -1))
-5
(144 + -147 - (2 + -10 + 2)) + -17
-14
Evaluate 12 + (-10 - (11 - 26)) + -11.
6
Evaluate (-1 - (-5 + 4)) + -6 - -11 - 0.
5
Calculate (-28 - 8) + (2 + 11 - -1).
-22
Evaluate -12 - 5 - -1 - (1 + -2 + -2).
-13
Calculate (40 - (-1 - -10)) + -55.
-24
7 + -4 + (-39 - -9 - 2) + 0
-29
13 + 2 - (-40 + 56)
-1
Evaluate (-2240 - -2254) + -1 + 2 + 1.
16
Calculate (-4 - 8) + 21 + -5 + -19.
-15
Evaluate -12 - (-17 + -9 + 17 + -6).
3
Calculate -3 - -8 - -1 - (11 + 9 + -14).
0
What is the value of (-4 - -29) + -5 + -1 + (11 - 8)?
22
Calculate 3 + 0 + -19 + 13 + 33 + -33.
-3
What is the value of 9 + 1 - (5 - (-1 + 6))?
10
What is the value of 43 + (-4 - 91 - -17)?
-35
What is the value of 1 + 9 + 15 + (-11 - 5)?
9
Calculate (13 - 7 - 4) + (10 - -1).
13
Evaluate (2 - -11) + (465 - 4